{"id":292,"date":"2019-09-27T08:31:08","date_gmt":"2019-09-27T06:31:08","guid":{"rendered":"http:\/\/dev.sueverkruep.org\/mazda\/blog\/standort\/autohaus-sueverkruep-renault-gmbh-co-kg\/"},"modified":"2025-05-08T10:07:02","modified_gmt":"2025-05-08T08:07:02","slug":"autohaus-sueverkruep-kiel","status":"publish","type":"standort","link":"https:\/\/www.sueverkruep.de\/mazda\/standort\/autohaus-sueverkruep-kiel\/","title":{"rendered":"Autohaus S\u00fcverkr\u00fcp Kiel"},"content":{"rendered":"","protected":false},"excerpt":{"rendered":"","protected":false},"featured_media":293,"parent":0,"menu_order":0,"template":"","format":"standard","meta":{"footnotes":""},"ort":[],"marke":[25,27],"class_list":["post-292","standort","type-standort","status-publish","format-standard","has-post-thumbnail","hentry","marke-dacia","marke-renault"],"acf":[],"yoast_head":"<!-- This site is optimized with the Yoast SEO plugin v27.4 - https:\/\/yoast.com\/product\/yoast-seo-wordpress\/ -->\n<title>Autohaus S\u00fcverkr\u00fcp Kiel - S\u00fcverkr\u00fcp Mazda<\/title>\n<meta name=\"description\" content=\"Herzlich willkommen beim Autohaus S\u00fcverkr\u00fcp im Holzkoppelweg 18 in Kiel. Wir freuen uns auf Ihren Besuch.\" \/>\n<meta name=\"robots\" content=\"index, follow, max-snippet:-1, max-image-preview:large, max-video-preview:-1\" \/>\n<link rel=\"canonical\" href=\"https:\/\/www.sueverkruep.de\/mazda\/standort\/autohaus-sueverkruep-kiel\/\" \/>\n<meta property=\"og:locale\" content=\"de_DE\" \/>\n<meta property=\"og:type\" content=\"article\" \/>\n<meta property=\"og:title\" content=\"Autohaus S\u00fcverkr\u00fcp Kiel - S\u00fcverkr\u00fcp Mazda\" \/>\n<meta property=\"og:description\" content=\"Herzlich willkommen beim Autohaus S\u00fcverkr\u00fcp im Holzkoppelweg 18 in Kiel. Wir freuen uns auf Ihren Besuch.\" \/>\n<meta property=\"og:url\" content=\"https:\/\/www.sueverkruep.de\/mazda\/standort\/autohaus-sueverkruep-kiel\/\" \/>\n<meta property=\"og:site_name\" content=\"S\u00fcverkr\u00fcp Mazda\" \/>\n<meta property=\"article:modified_time\" content=\"2025-05-08T08:07:02+00:00\" \/>\n<meta property=\"og:image\" content=\"https:\/\/www.sueverkruep.de\/mazda\/wp-content\/uploads\/sites\/5\/2019\/10\/Sueverkruep-Kiel-Holzkoppelweg18.png\" \/>\n\t<meta property=\"og:image:width\" content=\"500\" \/>\n\t<meta property=\"og:image:height\" content=\"300\" \/>\n\t<meta property=\"og:image:type\" content=\"image\/png\" \/>\n<meta name=\"twitter:card\" content=\"summary_large_image\" \/>\n<meta name=\"twitter:label1\" content=\"Gesch\u00e4tzte Lesezeit\" \/>\n\t<meta name=\"twitter:data1\" content=\"1\u00a0Minute\" \/>\n<script type=\"application\/ld+json\" class=\"yoast-schema-graph\">{\"@context\":\"https:\\\/\\\/schema.org\",\"@graph\":[{\"@type\":\"WebPage\",\"@id\":\"https:\\\/\\\/www.sueverkruep.de\\\/mazda\\\/standort\\\/autohaus-sueverkruep-kiel\\\/\",\"url\":\"https:\\\/\\\/www.sueverkruep.de\\\/mazda\\\/standort\\\/autohaus-sueverkruep-kiel\\\/\",\"name\":\"Autohaus S\u00fcverkr\u00fcp Kiel - S\u00fcverkr\u00fcp Mazda\",\"isPartOf\":{\"@id\":\"https:\\\/\\\/www.sueverkruep.de\\\/mazda\\\/#website\"},\"primaryImageOfPage\":{\"@id\":\"https:\\\/\\\/www.sueverkruep.de\\\/mazda\\\/standort\\\/autohaus-sueverkruep-kiel\\\/#primaryimage\"},\"image\":{\"@id\":\"https:\\\/\\\/www.sueverkruep.de\\\/mazda\\\/standort\\\/autohaus-sueverkruep-kiel\\\/#primaryimage\"},\"thumbnailUrl\":\"https:\\\/\\\/www.sueverkruep.de\\\/mazda\\\/wp-content\\\/uploads\\\/sites\\\/5\\\/2019\\\/10\\\/Sueverkruep-Kiel-Holzkoppelweg18.png\",\"datePublished\":\"2019-09-27T06:31:08+00:00\",\"dateModified\":\"2025-05-08T08:07:02+00:00\",\"description\":\"Herzlich willkommen beim Autohaus S\u00fcverkr\u00fcp im Holzkoppelweg 18 in Kiel. Wir freuen uns auf Ihren Besuch.\",\"breadcrumb\":{\"@id\":\"https:\\\/\\\/www.sueverkruep.de\\\/mazda\\\/standort\\\/autohaus-sueverkruep-kiel\\\/#breadcrumb\"},\"inLanguage\":\"de\",\"potentialAction\":[{\"@type\":\"ReadAction\",\"target\":[\"https:\\\/\\\/www.sueverkruep.de\\\/mazda\\\/standort\\\/autohaus-sueverkruep-kiel\\\/\"]}]},{\"@type\":\"ImageObject\",\"inLanguage\":\"de\",\"@id\":\"https:\\\/\\\/www.sueverkruep.de\\\/mazda\\\/standort\\\/autohaus-sueverkruep-kiel\\\/#primaryimage\",\"url\":\"https:\\\/\\\/www.sueverkruep.de\\\/mazda\\\/wp-content\\\/uploads\\\/sites\\\/5\\\/2019\\\/10\\\/Sueverkruep-Kiel-Holzkoppelweg18.png\",\"contentUrl\":\"https:\\\/\\\/www.sueverkruep.de\\\/mazda\\\/wp-content\\\/uploads\\\/sites\\\/5\\\/2019\\\/10\\\/Sueverkruep-Kiel-Holzkoppelweg18.png\",\"width\":500,\"height\":300,\"caption\":\"Sueverkruep-Kiel-Holzkoppelweg18\"},{\"@type\":\"BreadcrumbList\",\"@id\":\"https:\\\/\\\/www.sueverkruep.de\\\/mazda\\\/standort\\\/autohaus-sueverkruep-kiel\\\/#breadcrumb\",\"itemListElement\":[{\"@type\":\"ListItem\",\"position\":1,\"name\":\"Startseite\",\"item\":\"https:\\\/\\\/www.sueverkruep.de\\\/mazda\\\/\"},{\"@type\":\"ListItem\",\"position\":2,\"name\":\"Standorte\",\"item\":\"https:\\\/\\\/www.sueverkruep.de\\\/mazda\\\/standort\\\/\"},{\"@type\":\"ListItem\",\"position\":3,\"name\":\"Autohaus S\u00fcverkr\u00fcp Kiel\"}]},{\"@type\":\"WebSite\",\"@id\":\"https:\\\/\\\/www.sueverkruep.de\\\/mazda\\\/#website\",\"url\":\"https:\\\/\\\/www.sueverkruep.de\\\/mazda\\\/\",\"name\":\"S\u00fcverkr\u00fcp Mazda\",\"description\":\"Ihr L\u00e4cheln. Unser Antrieb.\",\"publisher\":{\"@id\":\"https:\\\/\\\/www.sueverkruep.de\\\/mazda\\\/#organization\"},\"potentialAction\":[{\"@type\":\"SearchAction\",\"target\":{\"@type\":\"EntryPoint\",\"urlTemplate\":\"https:\\\/\\\/www.sueverkruep.de\\\/mazda\\\/?s={search_term_string}\"},\"query-input\":{\"@type\":\"PropertyValueSpecification\",\"valueRequired\":true,\"valueName\":\"search_term_string\"}}],\"inLanguage\":\"de\"},{\"@type\":\"Organization\",\"@id\":\"https:\\\/\\\/www.sueverkruep.de\\\/mazda\\\/#organization\",\"name\":\"S\u00fcverkr\u00fcp Mazda\",\"url\":\"https:\\\/\\\/www.sueverkruep.de\\\/mazda\\\/\",\"logo\":{\"@type\":\"ImageObject\",\"inLanguage\":\"de\",\"@id\":\"https:\\\/\\\/www.sueverkruep.de\\\/mazda\\\/#\\\/schema\\\/logo\\\/image\\\/\",\"url\":\"https:\\\/\\\/www.sueverkruep.de\\\/mazda\\\/wp-content\\\/uploads\\\/sites\\\/5\\\/2020\\\/12\\\/cropped-mazda_logoo.png\",\"contentUrl\":\"https:\\\/\\\/www.sueverkruep.de\\\/mazda\\\/wp-content\\\/uploads\\\/sites\\\/5\\\/2020\\\/12\\\/cropped-mazda_logoo.png\",\"width\":294,\"height\":88,\"caption\":\"S\u00fcverkr\u00fcp Mazda\"},\"image\":{\"@id\":\"https:\\\/\\\/www.sueverkruep.de\\\/mazda\\\/#\\\/schema\\\/logo\\\/image\\\/\"}}]}<\/script>\n<!-- \/ Yoast SEO plugin. -->","yoast_head_json":{"title":"Autohaus S\u00fcverkr\u00fcp Kiel - S\u00fcverkr\u00fcp Mazda","description":"Herzlich willkommen beim Autohaus S\u00fcverkr\u00fcp im Holzkoppelweg 18 in Kiel. Wir freuen uns auf Ihren Besuch.","robots":{"index":"index","follow":"follow","max-snippet":"max-snippet:-1","max-image-preview":"max-image-preview:large","max-video-preview":"max-video-preview:-1"},"canonical":"https:\/\/www.sueverkruep.de\/mazda\/standort\/autohaus-sueverkruep-kiel\/","og_locale":"de_DE","og_type":"article","og_title":"Autohaus S\u00fcverkr\u00fcp Kiel - S\u00fcverkr\u00fcp Mazda","og_description":"Herzlich willkommen beim Autohaus S\u00fcverkr\u00fcp im Holzkoppelweg 18 in Kiel. Wir freuen uns auf Ihren Besuch.","og_url":"https:\/\/www.sueverkruep.de\/mazda\/standort\/autohaus-sueverkruep-kiel\/","og_site_name":"S\u00fcverkr\u00fcp Mazda","article_modified_time":"2025-05-08T08:07:02+00:00","og_image":[{"width":500,"height":300,"url":"https:\/\/www.sueverkruep.de\/mazda\/wp-content\/uploads\/sites\/5\/2019\/10\/Sueverkruep-Kiel-Holzkoppelweg18.png","type":"image\/png"}],"twitter_card":"summary_large_image","twitter_misc":{"Gesch\u00e4tzte Lesezeit":"1\u00a0Minute"},"schema":{"@context":"https:\/\/schema.org","@graph":[{"@type":"WebPage","@id":"https:\/\/www.sueverkruep.de\/mazda\/standort\/autohaus-sueverkruep-kiel\/","url":"https:\/\/www.sueverkruep.de\/mazda\/standort\/autohaus-sueverkruep-kiel\/","name":"Autohaus S\u00fcverkr\u00fcp Kiel - S\u00fcverkr\u00fcp Mazda","isPartOf":{"@id":"https:\/\/www.sueverkruep.de\/mazda\/#website"},"primaryImageOfPage":{"@id":"https:\/\/www.sueverkruep.de\/mazda\/standort\/autohaus-sueverkruep-kiel\/#primaryimage"},"image":{"@id":"https:\/\/www.sueverkruep.de\/mazda\/standort\/autohaus-sueverkruep-kiel\/#primaryimage"},"thumbnailUrl":"https:\/\/www.sueverkruep.de\/mazda\/wp-content\/uploads\/sites\/5\/2019\/10\/Sueverkruep-Kiel-Holzkoppelweg18.png","datePublished":"2019-09-27T06:31:08+00:00","dateModified":"2025-05-08T08:07:02+00:00","description":"Herzlich willkommen beim Autohaus S\u00fcverkr\u00fcp im Holzkoppelweg 18 in Kiel. Wir freuen uns auf Ihren Besuch.","breadcrumb":{"@id":"https:\/\/www.sueverkruep.de\/mazda\/standort\/autohaus-sueverkruep-kiel\/#breadcrumb"},"inLanguage":"de","potentialAction":[{"@type":"ReadAction","target":["https:\/\/www.sueverkruep.de\/mazda\/standort\/autohaus-sueverkruep-kiel\/"]}]},{"@type":"ImageObject","inLanguage":"de","@id":"https:\/\/www.sueverkruep.de\/mazda\/standort\/autohaus-sueverkruep-kiel\/#primaryimage","url":"https:\/\/www.sueverkruep.de\/mazda\/wp-content\/uploads\/sites\/5\/2019\/10\/Sueverkruep-Kiel-Holzkoppelweg18.png","contentUrl":"https:\/\/www.sueverkruep.de\/mazda\/wp-content\/uploads\/sites\/5\/2019\/10\/Sueverkruep-Kiel-Holzkoppelweg18.png","width":500,"height":300,"caption":"Sueverkruep-Kiel-Holzkoppelweg18"},{"@type":"BreadcrumbList","@id":"https:\/\/www.sueverkruep.de\/mazda\/standort\/autohaus-sueverkruep-kiel\/#breadcrumb","itemListElement":[{"@type":"ListItem","position":1,"name":"Startseite","item":"https:\/\/www.sueverkruep.de\/mazda\/"},{"@type":"ListItem","position":2,"name":"Standorte","item":"https:\/\/www.sueverkruep.de\/mazda\/standort\/"},{"@type":"ListItem","position":3,"name":"Autohaus S\u00fcverkr\u00fcp Kiel"}]},{"@type":"WebSite","@id":"https:\/\/www.sueverkruep.de\/mazda\/#website","url":"https:\/\/www.sueverkruep.de\/mazda\/","name":"S\u00fcverkr\u00fcp Mazda","description":"Ihr L\u00e4cheln. Unser Antrieb.","publisher":{"@id":"https:\/\/www.sueverkruep.de\/mazda\/#organization"},"potentialAction":[{"@type":"SearchAction","target":{"@type":"EntryPoint","urlTemplate":"https:\/\/www.sueverkruep.de\/mazda\/?s={search_term_string}"},"query-input":{"@type":"PropertyValueSpecification","valueRequired":true,"valueName":"search_term_string"}}],"inLanguage":"de"},{"@type":"Organization","@id":"https:\/\/www.sueverkruep.de\/mazda\/#organization","name":"S\u00fcverkr\u00fcp Mazda","url":"https:\/\/www.sueverkruep.de\/mazda\/","logo":{"@type":"ImageObject","inLanguage":"de","@id":"https:\/\/www.sueverkruep.de\/mazda\/#\/schema\/logo\/image\/","url":"https:\/\/www.sueverkruep.de\/mazda\/wp-content\/uploads\/sites\/5\/2020\/12\/cropped-mazda_logoo.png","contentUrl":"https:\/\/www.sueverkruep.de\/mazda\/wp-content\/uploads\/sites\/5\/2020\/12\/cropped-mazda_logoo.png","width":294,"height":88,"caption":"S\u00fcverkr\u00fcp Mazda"},"image":{"@id":"https:\/\/www.sueverkruep.de\/mazda\/#\/schema\/logo\/image\/"}}]}},"_links":{"self":[{"href":"https:\/\/www.sueverkruep.de\/mazda\/wp-json\/wp\/v2\/standort\/292","targetHints":{"allow":["GET"]}}],"collection":[{"href":"https:\/\/www.sueverkruep.de\/mazda\/wp-json\/wp\/v2\/standort"}],"about":[{"href":"https:\/\/www.sueverkruep.de\/mazda\/wp-json\/wp\/v2\/types\/standort"}],"version-history":[{"count":2,"href":"https:\/\/www.sueverkruep.de\/mazda\/wp-json\/wp\/v2\/standort\/292\/revisions"}],"predecessor-version":[{"id":571,"href":"https:\/\/www.sueverkruep.de\/mazda\/wp-json\/wp\/v2\/standort\/292\/revisions\/571"}],"wp:featuredmedia":[{"embeddable":true,"href":"https:\/\/www.sueverkruep.de\/mazda\/wp-json\/wp\/v2\/media\/293"}],"wp:attachment":[{"href":"https:\/\/www.sueverkruep.de\/mazda\/wp-json\/wp\/v2\/media?parent=292"}],"wp:term":[{"taxonomy":"ort","embeddable":true,"href":"https:\/\/www.sueverkruep.de\/mazda\/wp-json\/wp\/v2\/ort?post=292"},{"taxonomy":"marke","embeddable":true,"href":"https:\/\/www.sueverkruep.de\/mazda\/wp-json\/wp\/v2\/marke?post=292"}],"curies":[{"name":"wp","href":"https:\/\/api.w.org\/{rel}","templated":true}]}}

Autohaus Süverkrüp Kiel

<!-- This site is optimized with the Yoast SEO plugin v27.4 - https://yoast.com/product/yoast-seo-wordpress/ -->
<title>Autohaus Süverkrüp Kiel - Süverkrüp Mazda</title>
<meta name="description" content="Herzlich willkommen beim Autohaus Süverkrüp im Holzkoppelweg 18 in Kiel. Wir freuen uns auf Ihren Besuch." />
<meta name="robots" content="index, follow, max-snippet:-1, max-image-preview:large, max-video-preview:-1" />
<link rel="canonical" href="https://www.sueverkruep.de/mazda/standort/autohaus-sueverkruep-kiel/" />
<meta property="og:locale" content="de_DE" />
<meta property="og:type" content="article" />
<meta property="og:title" content="Autohaus Süverkrüp Kiel - Süverkrüp Mazda" />
<meta property="og:description" content="Herzlich willkommen beim Autohaus Süverkrüp im Holzkoppelweg 18 in Kiel. Wir freuen uns auf Ihren Besuch." />
<meta property="og:url" content="https://www.sueverkruep.de/mazda/standort/autohaus-sueverkruep-kiel/" />
<meta property="og:site_name" content="Süverkrüp Mazda" />
<meta property="article:modified_time" content="2025-05-08T08:07:02+00:00" />
<meta property="og:image" content="https://www.sueverkruep.de/mazda/wp-content/uploads/sites/5/2019/10/Sueverkruep-Kiel-Holzkoppelweg18.png" />
	<meta property="og:image:width" content="500" />
	<meta property="og:image:height" content="300" />
	<meta property="og:image:type" content="image/png" />
<meta name="twitter:card" content="summary_large_image" />
<meta name="twitter:label1" content="Geschätzte Lesezeit" />
	<meta name="twitter:data1" content="1 Minute" />
<script type="application/ld+json" class="yoast-schema-graph">{"@context":"https:\/\/schema.org","@graph":[{"@type":"WebPage","@id":"https:\/\/www.sueverkruep.de\/mazda\/standort\/autohaus-sueverkruep-kiel\/","url":"https:\/\/www.sueverkruep.de\/mazda\/standort\/autohaus-sueverkruep-kiel\/","name":"Autohaus Süverkrüp Kiel - Süverkrüp Mazda","isPartOf":{"@id":"https:\/\/www.sueverkruep.de\/mazda\/#website"},"primaryImageOfPage":{"@id":"https:\/\/www.sueverkruep.de\/mazda\/standort\/autohaus-sueverkruep-kiel\/#primaryimage"},"image":{"@id":"https:\/\/www.sueverkruep.de\/mazda\/standort\/autohaus-sueverkruep-kiel\/#primaryimage"},"thumbnailUrl":"https:\/\/www.sueverkruep.de\/mazda\/wp-content\/uploads\/sites\/5\/2019\/10\/Sueverkruep-Kiel-Holzkoppelweg18.png","datePublished":"2019-09-27T06:31:08+00:00","dateModified":"2025-05-08T08:07:02+00:00","description":"Herzlich willkommen beim Autohaus Süverkrüp im Holzkoppelweg 18 in Kiel. Wir freuen uns auf Ihren Besuch.","breadcrumb":{"@id":"https:\/\/www.sueverkruep.de\/mazda\/standort\/autohaus-sueverkruep-kiel\/#breadcrumb"},"inLanguage":"de","potentialAction":[{"@type":"ReadAction","target":["https:\/\/www.sueverkruep.de\/mazda\/standort\/autohaus-sueverkruep-kiel\/"]}]},{"@type":"ImageObject","inLanguage":"de","@id":"https:\/\/www.sueverkruep.de\/mazda\/standort\/autohaus-sueverkruep-kiel\/#primaryimage","url":"https:\/\/www.sueverkruep.de\/mazda\/wp-content\/uploads\/sites\/5\/2019\/10\/Sueverkruep-Kiel-Holzkoppelweg18.png","contentUrl":"https:\/\/www.sueverkruep.de\/mazda\/wp-content\/uploads\/sites\/5\/2019\/10\/Sueverkruep-Kiel-Holzkoppelweg18.png","width":500,"height":300,"caption":"Sueverkruep-Kiel-Holzkoppelweg18"},{"@type":"BreadcrumbList","@id":"https:\/\/www.sueverkruep.de\/mazda\/standort\/autohaus-sueverkruep-kiel\/#breadcrumb","itemListElement":[{"@type":"ListItem","position":1,"name":"Startseite","item":"https:\/\/www.sueverkruep.de\/mazda\/"},{"@type":"ListItem","position":2,"name":"Standorte","item":"https:\/\/www.sueverkruep.de\/mazda\/standort\/"},{"@type":"ListItem","position":3,"name":"Autohaus Süverkrüp Kiel"}]},{"@type":"WebSite","@id":"https:\/\/www.sueverkruep.de\/mazda\/#website","url":"https:\/\/www.sueverkruep.de\/mazda\/","name":"Süverkrüp Mazda","description":"Ihr Lächeln. Unser Antrieb.","publisher":{"@id":"https:\/\/www.sueverkruep.de\/mazda\/#organization"},"potentialAction":[{"@type":"SearchAction","target":{"@type":"EntryPoint","urlTemplate":"https:\/\/www.sueverkruep.de\/mazda\/?s={search_term_string}"},"query-input":{"@type":"PropertyValueSpecification","valueRequired":true,"valueName":"search_term_string"}}],"inLanguage":"de"},{"@type":"Organization","@id":"https:\/\/www.sueverkruep.de\/mazda\/#organization","name":"Süverkrüp Mazda","url":"https:\/\/www.sueverkruep.de\/mazda\/","logo":{"@type":"ImageObject","inLanguage":"de","@id":"https:\/\/www.sueverkruep.de\/mazda\/#\/schema\/logo\/image\/","url":"https:\/\/www.sueverkruep.de\/mazda\/wp-content\/uploads\/sites\/5\/2020\/12\/cropped-mazda_logoo.png","contentUrl":"https:\/\/www.sueverkruep.de\/mazda\/wp-content\/uploads\/sites\/5\/2020\/12\/cropped-mazda_logoo.png","width":294,"height":88,"caption":"Süverkrüp Mazda"},"image":{"@id":"https:\/\/www.sueverkruep.de\/mazda\/#\/schema\/logo\/image\/"}}]}</script>
<!-- / Yoast SEO plugin. -->

Autohaus Süverkrüp Kiel - Süverkrüp Mazda

Herzlich willkommen beim Autohaus Süverkrüp im Holzkoppelweg 18 in Kiel. Wir freuen uns auf Ihren Besuch.

Süverkrüp Mazda

Ihr Lächeln. Unser Antrieb.
